{"id":14867,"date":"2022-11-04T10:04:36","date_gmt":"2022-11-04T09:04:36","guid":{"rendered":"https:\/\/natural-pilates.fr\/Site2022\/?page_id=14867"},"modified":"2024-10-27T10:38:22","modified_gmt":"2024-10-27T09:38:22","slug":"carte-cadeau-natural-pilates","status":"publish","type":"page","link":"https:\/\/natural-pilates.fr\/Site2022\/carte-cadeau-natural-pilates\/","title":{"rendered":"Carte cadeau Natural Pilates"},"content":{"rendered":"\n<p>Pour les f\u00eates, un anniversaire ou tout simplement faire plaisir, offrez un peu de bien-\u00eatre \u00e0 vos proches avec la carte <strong><em>cadeau Natural Pilates. <\/em><\/strong>Elle permettra \u00e0 son heureux propri\u00e9taire de b\u00e9n\u00e9ficier d&rsquo;un cours individuel d&rsquo;une heure de Pilates.<\/p>\n\n\n\n<p>N&rsquo;h\u00e9sitez pas \u00e0 <strong><a href=\"https:\/\/natural-pilates.fr\/Site2022\/contacts\/\">contacter Sylvie<\/a><\/strong> pour plus d&rsquo;informations.<\/p>\n","protected":false},"excerpt":{"rendered":"<p>Pour les f\u00eates, un anniversaire ou tout simplement faire plaisir, offrez un peu de bien-\u00eatre \u00e0 vos proches avec la carte cadeau Natural Pilates. Elle permettra \u00e0 son heureux propri\u00e9taire&#8230;<\/p>\n","protected":false},"author":1,"featured_media":0,"parent":0,"menu_order":0,"comment_status":"closed","ping_status":"closed","template":"","meta":{"footnotes":""},"class_list":["post-14867","page","type-page","status-publish","hentry"],"yoast_head":"<!-- This site is optimized with the Yoast SEO plugin v19.9 - https:\/\/yoast.com\/wordpress\/plugins\/seo\/ -->\n<title>Carte cadeau Natural Pilates - Natural Pilates Bassin d&#039;Arcachon<\/title>\n<meta name=\"robots\" content=\"index, follow, max-snippet:-1, max-image-preview:large, max-video-preview:-1\" \/>\n<link rel=\"canonical\" href=\"https:\/\/natural-pilates.fr\/Site2022\/carte-cadeau-natural-pilates\/\" \/>\n<meta property=\"og:locale\" content=\"fr_FR\" \/>\n<meta property=\"og:type\" content=\"article\" \/>\n<meta property=\"og:title\" content=\"Carte cadeau Natural Pilates - Natural Pilates Bassin d&#039;Arcachon\" \/>\n<meta property=\"og:description\" content=\"Pour les f\u00eates, un anniversaire ou tout simplement faire plaisir, offrez un peu de bien-\u00eatre \u00e0 vos proches avec la carte cadeau Natural Pilates. Elle permettra \u00e0 son heureux propri\u00e9taire...\" \/>\n<meta property=\"og:url\" content=\"https:\/\/natural-pilates.fr\/Site2022\/carte-cadeau-natural-pilates\/\" \/>\n<meta property=\"og:site_name\" content=\"Natural Pilates Bassin d&#039;Arcachon\" \/>\n<meta property=\"article:modified_time\" content=\"2024-10-27T09:38:22+00:00\" \/>\n<meta name=\"twitter:card\" content=\"summary_large_image\" \/>\n<meta name=\"twitter:label1\" content=\"Dur\u00e9e de lecture estim\u00e9e\" \/>\n\t<meta name=\"twitter:data1\" content=\"1 minute\" \/>\n<script type=\"application\/ld+json\" class=\"yoast-schema-graph\">{\"@context\":\"https:\/\/schema.org\",\"@graph\":[{\"@type\":\"WebPage\",\"@id\":\"https:\/\/natural-pilates.fr\/Site2022\/carte-cadeau-natural-pilates\/\",\"url\":\"https:\/\/natural-pilates.fr\/Site2022\/carte-cadeau-natural-pilates\/\",\"name\":\"Carte cadeau Natural Pilates - Natural Pilates Bassin d&#039;Arcachon\",\"isPartOf\":{\"@id\":\"https:\/\/natural-pilates.fr\/Site2022\/#website\"},\"datePublished\":\"2022-11-04T09:04:36+00:00\",\"dateModified\":\"2024-10-27T09:38:22+00:00\",\"breadcrumb\":{\"@id\":\"https:\/\/natural-pilates.fr\/Site2022\/carte-cadeau-natural-pilates\/#breadcrumb\"},\"inLanguage\":\"fr-FR\",\"potentialAction\":[{\"@type\":\"ReadAction\",\"target\":[\"https:\/\/natural-pilates.fr\/Site2022\/carte-cadeau-natural-pilates\/\"]}]},{\"@type\":\"BreadcrumbList\",\"@id\":\"https:\/\/natural-pilates.fr\/Site2022\/carte-cadeau-natural-pilates\/#breadcrumb\",\"itemListElement\":[{\"@type\":\"ListItem\",\"position\":1,\"name\":\"Home\",\"item\":\"https:\/\/natural-pilates.fr\/Site2022\/\"},{\"@type\":\"ListItem\",\"position\":2,\"name\":\"Carte cadeau Natural Pilates\"}]},{\"@type\":\"WebSite\",\"@id\":\"https:\/\/natural-pilates.fr\/Site2022\/#website\",\"url\":\"https:\/\/natural-pilates.fr\/Site2022\/\",\"name\":\"Natural Pilates Bassin d&#039;Arcachon\",\"description\":\"Un site utilisant WordPress\",\"publisher\":{\"@id\":\"https:\/\/natural-pilates.fr\/Site2022\/#organization\"},\"potentialAction\":[{\"@type\":\"SearchAction\",\"target\":{\"@type\":\"EntryPoint\",\"urlTemplate\":\"https:\/\/natural-pilates.fr\/Site2022\/?s={search_term_string}\"},\"query-input\":\"required name=search_term_string\"}],\"inLanguage\":\"fr-FR\"},{\"@type\":\"Organization\",\"@id\":\"https:\/\/natural-pilates.fr\/Site2022\/#organization\",\"name\":\"Natural Pilates Bassin d&#039;Arcachon\",\"url\":\"https:\/\/natural-pilates.fr\/Site2022\/\",\"logo\":{\"@type\":\"ImageObject\",\"inLanguage\":\"fr-FR\",\"@id\":\"https:\/\/natural-pilates.fr\/Site2022\/#\/schema\/logo\/image\/\",\"url\":\"https:\/\/natural-pilates.fr\/Site2022\/wp-content\/uploads\/2022\/11\/Logo-White-Natural-Pilates.png\",\"contentUrl\":\"https:\/\/natural-pilates.fr\/Site2022\/wp-content\/uploads\/2022\/11\/Logo-White-Natural-Pilates.png\",\"width\":500,\"height\":500,\"caption\":\"Natural Pilates Bassin d&#039;Arcachon\"},\"image\":{\"@id\":\"https:\/\/natural-pilates.fr\/Site2022\/#\/schema\/logo\/image\/\"}}]}<\/script>\n<!-- \/ Yoast SEO plugin. -->","yoast_head_json":{"title":"Carte cadeau Natural Pilates - Natural Pilates Bassin d&#039;Arcachon","robots":{"index":"index","follow":"follow","max-snippet":"max-snippet:-1","max-image-preview":"max-image-preview:large","max-video-preview":"max-video-preview:-1"},"canonical":"https:\/\/natural-pilates.fr\/Site2022\/carte-cadeau-natural-pilates\/","og_locale":"fr_FR","og_type":"article","og_title":"Carte cadeau Natural Pilates - Natural Pilates Bassin d&#039;Arcachon","og_description":"Pour les f\u00eates, un anniversaire ou tout simplement faire plaisir, offrez un peu de bien-\u00eatre \u00e0 vos proches avec la carte cadeau Natural Pilates. Elle permettra \u00e0 son heureux propri\u00e9taire...","og_url":"https:\/\/natural-pilates.fr\/Site2022\/carte-cadeau-natural-pilates\/","og_site_name":"Natural Pilates Bassin d&#039;Arcachon","article_modified_time":"2024-10-27T09:38:22+00:00","twitter_card":"summary_large_image","twitter_misc":{"Dur\u00e9e de lecture estim\u00e9e":"1 minute"},"schema":{"@context":"https:\/\/schema.org","@graph":[{"@type":"WebPage","@id":"https:\/\/natural-pilates.fr\/Site2022\/carte-cadeau-natural-pilates\/","url":"https:\/\/natural-pilates.fr\/Site2022\/carte-cadeau-natural-pilates\/","name":"Carte cadeau Natural Pilates - Natural Pilates Bassin d&#039;Arcachon","isPartOf":{"@id":"https:\/\/natural-pilates.fr\/Site2022\/#website"},"datePublished":"2022-11-04T09:04:36+00:00","dateModified":"2024-10-27T09:38:22+00:00","breadcrumb":{"@id":"https:\/\/natural-pilates.fr\/Site2022\/carte-cadeau-natural-pilates\/#breadcrumb"},"inLanguage":"fr-FR","potentialAction":[{"@type":"ReadAction","target":["https:\/\/natural-pilates.fr\/Site2022\/carte-cadeau-natural-pilates\/"]}]},{"@type":"BreadcrumbList","@id":"https:\/\/natural-pilates.fr\/Site2022\/carte-cadeau-natural-pilates\/#breadcrumb","itemListElement":[{"@type":"ListItem","position":1,"name":"Home","item":"https:\/\/natural-pilates.fr\/Site2022\/"},{"@type":"ListItem","position":2,"name":"Carte cadeau Natural Pilates"}]},{"@type":"WebSite","@id":"https:\/\/natural-pilates.fr\/Site2022\/#website","url":"https:\/\/natural-pilates.fr\/Site2022\/","name":"Natural Pilates Bassin d&#039;Arcachon","description":"Un site utilisant WordPress","publisher":{"@id":"https:\/\/natural-pilates.fr\/Site2022\/#organization"},"potentialAction":[{"@type":"SearchAction","target":{"@type":"EntryPoint","urlTemplate":"https:\/\/natural-pilates.fr\/Site2022\/?s={search_term_string}"},"query-input":"required name=search_term_string"}],"inLanguage":"fr-FR"},{"@type":"Organization","@id":"https:\/\/natural-pilates.fr\/Site2022\/#organization","name":"Natural Pilates Bassin d&#039;Arcachon","url":"https:\/\/natural-pilates.fr\/Site2022\/","logo":{"@type":"ImageObject","inLanguage":"fr-FR","@id":"https:\/\/natural-pilates.fr\/Site2022\/#\/schema\/logo\/image\/","url":"https:\/\/natural-pilates.fr\/Site2022\/wp-content\/uploads\/2022\/11\/Logo-White-Natural-Pilates.png","contentUrl":"https:\/\/natural-pilates.fr\/Site2022\/wp-content\/uploads\/2022\/11\/Logo-White-Natural-Pilates.png","width":500,"height":500,"caption":"Natural Pilates Bassin d&#039;Arcachon"},"image":{"@id":"https:\/\/natural-pilates.fr\/Site2022\/#\/schema\/logo\/image\/"}}]}},"jetpack_sharing_enabled":true,"_links":{"self":[{"href":"https:\/\/natural-pilates.fr\/Site2022\/wp-json\/wp\/v2\/pages\/14867","targetHints":{"allow":["GET"]}}],"collection":[{"href":"https:\/\/natural-pilates.fr\/Site2022\/wp-json\/wp\/v2\/pages"}],"about":[{"href":"https:\/\/natural-pilates.fr\/Site2022\/wp-json\/wp\/v2\/types\/page"}],"author":[{"embeddable":true,"href":"https:\/\/natural-pilates.fr\/Site2022\/wp-json\/wp\/v2\/users\/1"}],"replies":[{"embeddable":true,"href":"https:\/\/natural-pilates.fr\/Site2022\/wp-json\/wp\/v2\/comments?post=14867"}],"version-history":[{"count":2,"href":"https:\/\/natural-pilates.fr\/Site2022\/wp-json\/wp\/v2\/pages\/14867\/revisions"}],"predecessor-version":[{"id":14913,"href":"https:\/\/natural-pilates.fr\/Site2022\/wp-json\/wp\/v2\/pages\/14867\/revisions\/14913"}],"wp:attachment":[{"href":"https:\/\/natural-pilates.fr\/Site2022\/wp-json\/wp\/v2\/media?parent=14867"}],"curies":[{"name":"wp","href":"https:\/\/api.w.org\/{rel}","templated":true}]}}